33
List the prime factors of 14497920.
2, 3, 5, 839
List the prime factors of 594983343.
3, 23, 29, 409, 727
What are the prime factors of 262497317?
13757, 19081
What are the prime factors of 48076979?
48076979
What are the prime factors of 2439226158?
2, 3, 71, 5725883
List the prime factors of 54889129.
677, 81077
What are the prime factors of 86038601?
11, 7821691
List the prime factors of 2649749577.
3, 883249859
What are the prime factors of 47416734?
2, 3, 2634263
What are the prime factors of 53605100?
2, 5, 536051
List the prime factors of 37263630.
2, 3, 5, 1242121
What are the prime factors of 323153910?
2, 3, 5, 23, 107, 1459
What are the prime factors of 175054226?
2, 47, 1862279
List the prime factors of 707996266.
2, 353998133
What are the prime factors of 437519087?
23, 223, 85303
List the prime factors of 87159634.
2, 43579817
What are the prime factors of 448473053?
7, 64067579
What are the prime factors of 3353756770?
2, 5, 7, 13, 17, 216791
List the prime factors of 3496550474.
2, 29, 60285353
What are the prime factors of 64734117?
3, 7, 3082577
What are the prime factors of 6113321647?
263, 293, 79333
List the prime factors of 16447386.
2, 3, 2741231
List the prime factors of 74986870.
2, 5, 7, 1071241
What are the prime factors of 2314444824?
2, 3, 163, 199, 991
What are the prime factors of 62611367?
7, 13, 227, 433
List the prime factors of 235463494.
2, 7, 16818821
List the prime factors of 821472438.
2, 3, 503, 272191
List the prime factors of 2847729125.
5, 22781833
List the prime factors of 288427282.
2, 11, 13, 59, 17093
List the prime factors of 730578791.
17, 42975223
What are the prime factors of 67804919?
7, 13, 127, 5867
List the prime factors of 3574673401.
13, 103, 2669659
What are the prime factors of 21705430?
2, 5, 17, 127679
List the prime factors of 1117122079.
29, 38521451
List the prime factors of 75882829.
11, 563, 12253
List the prime factors of 2906755261.
19, 37, 111751
What are the prime factors of 4375224087?
3, 13, 112185233
List the prime factors of 23115142.
2, 11557571
List the prime factors of 1861145837.
2377, 782981
List the prime factors of 527962830.
2, 3, 5, 1483, 11867
List the prime factors of 26761640.
2, 5, 367, 1823
What are the prime factors of 53006160?
2, 3, 5, 220859
What are the prime factors of 1386338146?
2, 43, 163, 98897
What are the prime factors of 834452166?
2, 3, 139075361
What are the prime factors of 93016017?
3, 10335113
What are the prime factors of 124251002?
2, 62125501
List the prime factors of 19411966.
2, 7, 1386569
What are the prime factors of 30998002?
2, 7, 1487, 1489
What are the prime factors of 501267880?
2, 5, 19, 659563
List the prime factors of 625541496.
2, 3, 4441, 5869
List the prime factors of 1374628809.
3, 458209603
What are the prime factors of 22879882?
2, 47, 243403
What are the prime factors of 396726877?
396726877
List the prime factors of 950941258.
2, 475470629
What are the prime factors of 2567809257?
3, 13, 65841263
What are the prime factors of 109968658?
2, 23, 2390623
List the prime factors of 1574331002.
2, 17, 23, 157, 12823
What are the prime factors of 63601856?
2, 993779
List the prime factors of 29780824.
2, 89, 151, 277
What are the prime factors of 305209132?
2, 76302283
List the prime factors of 277181662.
2, 138590831
List the prime factors of 9162044.
2, 2290511
What are the prime factors of 292455796?
2, 73113949
What are the prime factors of 865180993?
11197, 77269
What are the prime factors of 998240764?
2, 197, 821, 1543
List the prime factors of 1038512494.
2, 281, 1847887
What are the prime factors of 67996201?
7, 13, 43, 17377
What are the prime factors of 1297535744?
2, 17, 397, 751
What are the prime factors of 481777120?
2, 5, 11, 331, 827
What are the prime factors of 787365535?
5, 11, 14315737
What are the prime factors of 3416896343?
7, 2213, 220573
List the prime factors of 158366000.
2, 5, 13, 6091
List the prime factors of 8832326.
2, 4416163
List the prime factors of 32657481.
3, 313, 11593
What are the prime factors of 1562756749?
79, 401, 49331
List the prime factors of 154825266.
2, 3, 41, 629371
What are the prime factors of 37053477?
3, 19, 72229
What are the prime factors of 247068737?
23, 113, 95063
List the prime factors of 184855084.
2, 46213771
List the prime factors of 105055226.
2, 29, 1811297
List the prime factors of 509563124.
2, 7, 18198683
List the prime factors of 102717678.
2, 3, 7, 23, 113, 941
List the prime factors of 3151798305.
3, 5, 43, 439, 11131
List the prime factors of 357868091.
7, 29, 1762897
List the prime factors of 20343208.
2, 1423, 1787
What are the prime factors of 119398581?
3, 73, 263, 691
List the prime factors of 121319193.
3, 89, 454379
What are the prime factors of 20456934?
2, 3, 233, 14633
List the prime factors of 5111505.
3, 5, 7, 601
List the prime factors of 1499366746.
2, 439, 1707707
List the prime factors of 249953177.
107, 2336011
List the prime factors of 372956919.
3, 53, 2345641
List the prime factors of 1324650329.
1324650329
List the prime factors of 1970291575.
5, 7, 11258809
What are the prime factors of 1881204273?
3, 13, 16078669
List the prime factors of 77227047.
3, 59, 48479
List the prime factors of 1740813374.
2, 23, 223, 761
List the prime factors of 69725544.
2, 3, 7, 181, 2293
What are the prime factors of 213635633?
47, 53, 139, 617
List the prime factors of 167220165.
3, 5, 7, 1592573
List the prime factors of 103316579.
103316579
What are the prime factors of 547138141?
11, 71, 700561
List the prime factors of 1987221787.
227, 8754281
List the prime factors of 803080.
2, 5, 17, 1181
What are the prime factors of 135184684?
2, 2027, 16673
List the prime factors of 4129087.
4129087
What are the prime factors of 156712276?
2, 7, 2333, 2399
What are the prime factors of 1801167692?
2, 450291923
What are the prime factors of 42161773?
47, 897059
List the prime factors of 50674965.
3, 5, 11, 307121
List the prime factors of 1036859875.
5, 8294879
List the prime factors of 1303299536.
2, 7, 11, 937, 1129
What are the prime factors of 50502780?
2, 3, 5, 37, 7583
What are the prime factors of 145178138?
2, 7, 10369867
What are the prime factors of 29590845?
3, 5, 569, 3467
What are the prime factors of 276333447?
3, 13, 103, 68791
List the prime factors of 2849533.
1523, 1871
List the prime factors of 49762856.
2, 11, 13, 43499
List the prime factors of 772220915.
5, 154444183
List the prime factors of 83226308.
2, 11, 19, 113, 881
What are the prime factors of 107208995?
5, 2203, 9733
List the prime factors of 2399568407.
61, 39337187
List the prime factors of 57539370.
2, 3, 5, 7, 273997
What are the prime factors of 259844416?
2, 13, 312313
What are the prime factors of 109951872?
2, 3, 286333
What are the prime factors of 7212282?
2, 3, 7, 11, 67, 233
What are the prime factors of 783431622?
2, 3, 3637, 3989
List the prime factors of 20910493.
17, 1230029
List the prime factors of 238472707.
11, 103, 109, 1931
What are the prime factors of 1514054160?
2, 3, 5, 61, 11491
List the prime factors of 25731163.
25731163
What are the prime factors of 98251590?
2, 3, 5, 3275053
List the prime factors of 5002985.
5, 13, 19, 4051
List the prime factors of 15082359.
3, 449, 11197
List the prime factors of 1177419432.
2, 3, 7, 31, 32297
What are the prime factors of 1980424190?
2, 5, 67, 263, 11239
List the prime factors of 34224993.
3, 11, 345707
List the prime factors of 704066261.
19, 523, 70853
What are the prime factors of 2484590?
2, 5, 367, 677
List the prime factors of 2720445507.
3, 13, 113, 7621
What are the prime factors of 424328296?
2, 7, 17, 157, 167
What are the prime factors of 16408810?
2, 5, 11, 71, 191
What are the prime factors of 57737167?
233, 247799
List the prime factors of 402533013.
3, 134177671
List the prime factors of 369304280.
2, 5, 9232607
List the prime factors of 42019351.
11, 379, 10079
What are the prime factors of 66963671?
127, 527273
List the prime factors of 541470833.
541470833
List the prime factors of 192920275.
5, 7716811
List the prime factors of 6210422472.
2, 3, 37, 6993719
What are the prime factors of 41058445?
5, 8211689
List the prime factors of 488113412.
2, 269, 453637
List the prime factors